the highest common divisor of 14 and r?
14
Let q(y) = -2*y + 6 + y**2 + 33*y**3 + 1 + y**2. Let u = 255 + -253. Let f be q(u). Calculate the highest common factor of f and 25.
25
Let a(l) = -l**3 - 3*l**2 + l + 12. Let s be a(-3). Suppose -s*p = -12*p + 570. Let r = 125 - 49. What is the greatest common divisor of r and p?
38
Let j(w) = -w**3 + 17*w**2 - 14*w - 27. Let q be j(16). Suppose -5*i - q*m + 75 = 0, -3*i + 1 + 24 = -m. Calculate the greatest common divisor of 45 and i.
5
Suppose 0 = 140*u - 70*u - 68*u - 8680. What is the highest common factor of 700 and u?
140
Let x be ((-228)/14)/(76/(-266)). Suppose 0*a + x = 4*g + 5*a, -3*a = -3. Let u be 363/4 + (-1)/(-4). Calculate the highest common factor of g and u.
13
Let q = -109 + 117. Suppose 2 + q = 2*d. Suppose 0 = -d*l + 7*l - 132. What is the greatest common factor of 44 and l?
22
Let t = -106 - -148. Let u = 55 - t. Let f be ((-3)/(-2))/(2/52). Calculate the highest common factor of u and f.
13
Let n(j) = j**3 + 35*j**2 - 3*j - 97. Let x be n(-34). Let q = -951 + x. What is the greatest common divisor of 30 and q?
30
Let h = 7563 + -4819. What is the greatest common factor of 49 and h?
49
Let u be (1170/36 - 1)/(3/16). Calculate the highest common divisor of u and 4256.
56
Let a be (-3)/7 + 79416/84. Let s be 6 + ((-1)/(1/(-3)) - 5). Suppose a = 5*w + s*w. What is the highest common divisor of w and 42?
21
Suppose 2*w = -2*g + 5*w + 192, 4*w - 2*w = 0. Calculate the highest common divisor of 800 and g.
32
Let x = 466 - 462. Suppose l - 5*k + 355 = 6*l, -145 = -2*l + k. Calculate the greatest common divisor of x and l.
4
Let c be (0 + 3 + ((-48)/18)/2)*1122. Calculate the greatest common factor of 340 and c.
170
Suppose -11*r + 12*r = 14. Let i = 2 + r. Suppose -o + 23 + 137 = 0. Calculate the highest common divisor of o and i.
16
Suppose k - 461 = -4*f, 248 = 2*f + 5*k - k. Let t = 139 - f. What is the greatest common factor of 275 and t?
25
Let q = -535 - -281. Let g = 578 + q. Suppose -2*f = f - g. Calculate the greatest common factor of 12 and f.
12
Let l(u) = -u**3 - 36*u**2 - 36*u + 55. Suppose -3*c - 98 = 5*p + 12, 5*c - 5*p + 170 = 0. Let y be l(c). What is the greatest common divisor of y and 75?
15
Suppose s = -13 + 67. Let m = 49 - 22. Calculate the greatest common factor of s and m.
27
Let c be 1 + 0 + (2 - -1). Let n(d) be the first derivative of d**3/3 - d**2 - 2*d - 279. Let u be n(c). What is the highest common divisor of u and 6?
6
Suppose 6 = 3*x - 39. Suppose 53 - 5 = 16*u. What is the greatest common factor of u and x?
3
Suppose -15*x + 18*x = 204. Let d = 14 + x. Let y be (36/(-54))/(4/(-738)). Calculate the highest common divisor of d and y.
41
Let b = -23121 - -23521. Calculate the highest common factor of 32 and b.
16
Let y = 122 + -113. Let p be (-4)/(2 + (-22)/y). Suppose 49 = 5*k - 176. What is the highest common divisor of k and p?
9
Let f(w) = -w - 15. Let q be f(-17). Suppose -q*r = 4*n - 94, n = 5*r - 0*r + 18. Calculate the highest common divisor of 207 and n.
23
Suppose -107974 = -364*d - 59394 + 111944. What is the greatest common divisor of 909 and d?
9
Suppose 2*z = 4*z - 28. Let n(p) = -p**2 - 14*p + 56. Let u be n(-18). Let y be 210/(-2)*u/24. What is the highest common divisor of z and y?
14
Let y be 2*42/6*(-51)/6. Let n = y + 147. Calculate the greatest common divisor of n and 140.
28
Let f = 3966 + -2481. Let h be (1 - 4) + (f/(-9))/(-11). Calculate the greatest common factor of 36 and h.
12
Let z be (-1400)/(-150)*(0 + 3). Calculate the highest common factor of z and 3.
1
Let r be -4 - (35 + -1)*19/38. Let h be r/(-84) + (-127)/(-4). Calculate the highest common divisor of h and 104.
8
Let v(b) = -b**2 + 19*b + 1107. Let y be v(44). Let f(d) = 9 + 7*d + 0*d**2 - 4*d**2 + 3*d**2. Let p be f(y). Calculate the greatest common factor of p and 45.
9
Suppose -5 = -3*v + 5*v + 5*l, -15 = -4*v - 5*l. Suppose -s - k = -4, 6*s - v*s - k = -19. What is the highest common divisor of 20 and s?
5
Suppose 4*x - 2*b - 68 = 0, -x + b = -0*x - 15. Let u = -20367 + 20519. Calculate the greatest common divisor of x and u.
19
Let b = 17884 - 17732. Let m(n) = 2*n**2 - 6*n. Let q be m(4). Calculate the greatest common divisor of q and b.
8
Suppose 4437 = 4*v + 3*w, 4*w - 10 + 30 = 0. What is the greatest common divisor of v and 21?
21
Let i(t) = -11*t - 89. Let x be i(-9). Let c(u) = -9*u + 148. Let l be c(x). What is the highest common divisor of l and 2?
2
Suppose 239 = -p - 11*p + 1019. Calculate the highest common factor of 25 and p.
5
Let d(b) = 11*b - 41. Let x be ((-4 - 9) + 3)*2/(-4). Let f be d(x). Calculate the greatest common factor of 56 and f.
14
Suppose -2*x + 38 = 3*h, -x = -3*x + 5*h + 22. Let i be 9 + 0 - (x + -21). Calculate the highest common divisor of 350 and i.
14
Suppose -2*p = -3*v + 507, -2*v - 3*p = -283 - 55. Suppose -491 = -3*b + 4*h, b = -12*h + 16*h + v. Calculate the greatest common divisor of b and 7.
7
Let x be (-190)/(-950) - (-4137)/15. Calculate the greatest common factor of 713 and x.
23
Let v(b) = -b**3 - 49*b**2 - 191*b + 40. Let r be v(-4). Calculate the highest common factor of r and 1029.
21
Let k be 23 + -18 - (-2 - 46/(-2)*-1). What is the highest common factor of k and 2430?
30
Let i be 24/42 + 3/(63/(-96)). Let u be (-125)/(-20) - i/(-16). What is the greatest common divisor of u and 84?
6
Let l be (-24)/(-18)*6/4. Let h(t) = -l*t**2 + 6 - 18*t + 6*t - 6*t + 3*t. Let u be h(-7). What is the greatest common divisor of u and 117?
13
Let d(z) = 7*z + 124. Let c be d(-17). Suppose 6 = 4*a - 2*u - 260, c*u + 345 = 5*a. What is the greatest common factor of a and 8?
8
Let v be 1547/(-78)*-8*24/14. What is the greatest common factor of v and 918?
34
Let n be (-24)/(-28)*(-980)/(-21). What is the greatest common divisor of 1 and n?
1
Suppose 131 - 111 = 5*x. Suppose 4*l = -4*c + 26 + 38, x*c = 12. Calculate the greatest common divisor of 13 and l.
13
Suppose 0 = -3*d - 652 - 845. Let s = -483 - d. Let z = -2 + 4. What is the greatest common divisor of z and s?
2
Let k = 7155 - 6876. What is the greatest common factor of 36 and k?
9
Let c be 4 - (32/80 - 18507/5). Calculate the highest common factor of 95 and c.
95
Let u(j) = j - 5. Let y be u(13). Let b(i) = -i**2 + 21*i - 81. Let d be b(y). Calculate the highest common factor of d and 1081.
23
Let c(g) = -g - 1. Let a be c(-6). Let k(r) = -11*r**2 + 47*r + 8. Let s be k(4). Calculate the greatest common factor of a and s.
5
Let t(s) = 92*s**2 + 2009*s + 39. Let k be t(-22). What is the highest common factor of k and 3239?
41
Suppose 0*d + 278 = -d - z, 4*d + z = -1118. Let w = d + 423. Calculate the greatest common factor of 13 and w.
13
Let h(a) = -93*a - 26*a + 1 + 0. Let k be h(-1). Suppose -182*x + 1077*x + 453*x = 26960. Calculate the highest common factor of x and k.
20
Let h(u) = u**3 + 7*u**2 - 2*u. Let c be h(-7). Suppose 52*p + 1328 - 7880 = 0. Calculate the highest common factor of c and p.
14
Suppose -4*r = 3*r - 2030. Let v be r/(-40)*-3*4 - -3. What is the greatest common divisor of 150 and v?
30
Let a be 1 + (-1)/4 + 10/8. Suppose -a*m - 122 = -4*n, -3*n - 122 = -m + 3*m. Let p = m - -74. Calculate the highest common divisor of p and 117.
13
Suppose 0 = 8*j + 19 + 21. Let k be 0 + j + 10 + 35. Calculate the highest common divisor of 64 and k.
8
Let t(q) = 20*q - 987. Let b be t(62). What is the highest common factor of 176 and b?
11
Let t = -914 + 1500. Suppose t + 944 = 45*n. What is the greatest common factor of n and 952?
34
Suppose -53*p + 22*p = -24*p - 266. What is the highest common divisor of 20558 and p?
38
Suppose 3*x - 58 = -35*q + 33*q, 3*x + 3*q = 57. Suppose -2*a + 5*a = 1140. Calculate the highest common factor of x and a.
20
Let a be 9/((-1)/7*(-40)/360). What is the greatest common factor of 315 and a?
63
Suppose -2*h + 10760 = 3*h. Let a = h + -1008. Calculate the greatest common factor of a and 88.
88
Let l be (-2)/8*28236/(-117) - (-3)/(-9). What is the greatest common divisor of 1250 and l?
10
Let i(f) = f**2 - 17*f + 66. Let y be i(11). Suppose -3*z + y*z - 417 = -5*t, 2*t = 2*z + 170. Calculate the greatest common divisor of 3 and t.
3
Let s = -56 - -64. Suppose 6*y - 4*w = 5*y + 172, 2*y + w - 317 = 0. Calculate the greatest common